factor of y and a?
27
Let q = 13 + 41. Let y be (3*2)/((-66)/176). Let l = y - -22. What is the highest common divisor of l and q?
6
Let o(b) = -2*b + 40. Let y be o(20). Suppose 6*a - 306 = -y*a. What is the highest common factor of 17 and a?
17
Let w = -162 + 165. What is the greatest common factor of w and 1?
1
Suppose 0 = 3*h - 0*h + 18. Let u be (h/2 + -4)*-2. What is the greatest common factor of 56 and u?
14
Let v be 6/(-12) + 2/4. Suppose v = -2*c + 15 + 9. What is the highest common divisor of 60 and c?
12
Let v = -2676 + 2847. Calculate the greatest common divisor of 285 and v.
57
Let f = 12 + -10. Let b be (-12)/(-9)*27/f. What is the highest common divisor of b and 198?
18
Suppose 0 = 38*i - 36*i - 4. What is the greatest common divisor of i and 2?
2
Suppose -5*i = -364 + 4. What is the highest common factor of 18 and i?
18
Suppose 3*x = -0 + 9. Let v = 9 - -44. Let w = -41 + v. Calculate the highest common factor of w and x.
3
Let o be (-36)/(-270) - (-1067)/(-15). Let m = o + 116. Calculate the highest common divisor of 9 and m.
9
Let n be 4 - (-3)/((-3)/(-40)). Suppose -l = -5*l + n. Let g = 2 + l. What is the greatest common factor of 104 and g?
13
Let t(c) = 3*c - 1. Let z be t(1). Let g be 4 + (z - 1)/1. Suppose 0 = -255*l + 278*l - 1035. Calculate the greatest common divisor of g and l.
5
Let h be (-450)/(-6) - (1 - 0)*-5. Calculate the highest common divisor of 30 and h.
10
Suppose 2328 = 5*v - 2*l, 3*l + 611 - 1527 = -2*v. Calculate the highest common divisor of v and 24.
8
Let v(z) = z**2 - 9*z - 18. Let j be v(-2). Let y = 15 + -10. Suppose n - j = -f - n, -5*f = y*n - 35. Calculate the highest common factor of 90 and f.
10
Let w = 23 + -20. Suppose -4*v - 15 = -w. Let p be (10/2)/(v/(-27)). Calculate the highest common factor of p and 5.
5
Let f = -457 - -477. Calculate the highest common factor of 8 and f.
4
Let f be 348/(18/3) + -7. Calculate the highest common factor of 34 and f.
17
Let n be 7 + (4 - (7 - 0)). Let z be n/(-14) - (3 - (-510)/(-21)). Calculate the highest common divisor of z and 7.
7
Let y = -737 + 851. Calculate the highest common factor of 19 and y.
19
Suppose -5096 = -36*b + 28*b. What is the greatest common factor of b and 26?
13
Let f = 8 - 14. Let q = 8 + f. Suppose -274 = -q*d - 34. Calculate the greatest common factor of 15 and d.
15
Let t = 408 - 384. What is the highest common factor of 648 and t?
24
Let s(g) = g**2 - 4. Let u be s(-3). Suppose 1 = -u*r + 11. Let c be (8 - 12/(-3))*r. What is the greatest common factor of 8 and c?
8
Suppose -115*i = -122*i + 1813. Calculate the greatest common divisor of 7 and i.
7
Let i(w) = -38*w. Let s be i(-4). Suppose 0 = -5*a + 13*a - s. What is the highest common factor of a and 95?
19
Suppose 5*j - 13 = l + 15, 4*j - 35 = 5*l. Let b(h) = 2*h**2 + 8*h - 9. Let i be b(4). What is the greatest common factor of i and j?
5
Let u be (-61)/(-3) - ((-5)/(-3))/5. Suppose -4*x = -5*x + 30. What is the highest common factor of x and u?
10
Suppose -86 = -182*d + 824. Let t(b) = 3*b**2 - b + 1. Let o be t(-2). Calculate the greatest common factor of d and o.
5
Let b(x) = 7*x**2 + x + 2. Let p be b(-1). Let l(s) = s**3 + s**2 - s + 22. Let j be l(0). Let m = j - p. What is the greatest common factor of m and 70?
14
Let q = 301 + -269. What is the greatest common factor of q and 112?
16
Suppose -3*k + 35 = -k - 3*t, -15 = -k - t. Let l(r) = r**2 - 13*r - 34. Let a be l(k). What is the greatest common divisor of 154 and a?
14
Suppose 0 = -83*l + 88*l. Suppose l*p = 2*p + 5*w - 43, p - 5*w = 29. Calculate the greatest common factor of p and 36.
12
Let l be -3 - -8 - (4 - 2). Suppose 920 = l*b + 2*b. What is the greatest common divisor of b and 46?
46
Let o be (36*(-5 - (-54)/12))/(-2). What is the greatest common divisor of o and 27?
9
Let c(b) = -3*b**3 - 5*b**2 - 4*b - 2. Let o be c(-3). Suppose 2 - o = -2*y. Suppose 42 - 108 = -2*q. What is the greatest common factor of y and q?
11
Let f(p) = -25*p - 12. Let t be f(-8). Suppose 2*s + t = 5*d, 3*s = 4*d + 4*s - 153. Suppose 5*k - 42 - d = 0. Calculate the greatest common factor of k and 40.
8
Let m = 426 - 406. What is the highest common divisor of 20 and m?
20
Suppose 35*x - 20441 = 21139. Calculate the highest common divisor of x and 9.
9
Let n be -2 + (-7)/(-1) + -1. Suppose -25*o = -26*o + 15. Suppose -2*m = 3 - o. Calculate the highest common divisor of m and n.
2
Let m = 419 - 401. Suppose -f - 1 + 3 = 0. Suppose 4*p - f*p = m. What is the highest common factor of p and 1?
1
Suppose -b - b + 336 = 0. Let y(r) = -r**3 + 5*r**2 + 8*r - 3*r + 4 - r. Let l be y(5). Calculate the greatest common divisor of b and l.
24
Let t(u) = 19*u + 45. Let g = 9 - 5. Let f be t(g). Calculate the greatest common divisor of 11 and f.
11
Suppose -18*n + 40 = -122. Calculate the greatest common divisor of 2 and n.
1
Suppose 2*v + 2*b + 36 = -2*v, -2*b = -8. Let m = -7 - 5. Let n be 5/((-20)/m) - v. What is the greatest common factor of n and 154?
14
Let s = 67 - 59. Let z be (8/(-12))/(s/900*-1). What is the greatest common factor of z and 3?
3
Let a(n) = -24 - 20*n**2 + 88*n**3 - 9*n**2 - 29*n - 87*n**3. Let v be a(30). What is the highest common divisor of 3 and v?
3
Suppose -3*m = 2*g - 196, 4*m - g - 254 = -0*g. Let i be (3 + m)*(-12)/(-6). Suppose -8*n - 22 = -i. Calculate the highest common factor of 42 and n.
14
Let h(k) = k**2 - k + 1. Let v(j) = j**3 + 10*j**2 + 6*j + 11. Let l(a) = 3*h(a) - v(a). Let q be l(-6). Calculate the highest common divisor of q and 50.
10
Let m(y) be the second derivative of y**5/20 + y**3/6 + 45*y**2 + 2*y. Suppose -10*n = -7*n. Let x be m(n). Calculate the greatest common divisor of x and 9.
9
Let c = 116 - 92. Suppose -18 = c*a - 27*a. What is the greatest common factor of 24 and a?
6
Suppose 4*j = -4*v + 2336, -3*v + 5*j = j - 1780. Suppose -v = -2*p - 5*p. What is the highest common factor of 56 and p?
28
Suppose -2*f = -3*m - 342, -f + 5*f + 3*m - 648 = 0. What is the highest common factor of f and 30?
15
Let m be 23 - (-1 - (0 - -1)). Let z = m + -19. Suppose 68 = 4*w + z*f - 3*f, -5*w + f + 85 = 0. Calculate the highest common factor of 17 and w.
17
Suppose -28*w = -31*w + 36. Let d be (-145)/(-15) - ((-16)/w + 1). Calculate the greatest common divisor of d and 35.
5
Let v be (1 - -1)*((-4)/8 + 3). What is the greatest common factor of 15 and v?
5
Let n = -59 - -88. Let b(z) = 0*z + 7 + 6*z + 11 + 7*z**2. Let o be b(-7). What is the highest common divisor of o and n?
29
Suppose -4*u + 25 = x, 13*u - 16 = 12*u + 3*x. Calculate the highest common factor of u and 217.
7
Let x(k) = -2*k + 15. Let y be x(8). Let h be 1*(0/y - -3). Let d be -4 - (-7 + h/3). What is the greatest common divisor of 6 and d?
2
Let h = -93 + 93. Suppose 3*t = h, 7*u - 5*t = 2*u + 175. Calculate the highest common factor of 175 and u.
35
Suppose -15*v - 508 = -1858. Calculate the greatest common divisor of v and 10.
10
Let b(w) = -w**3 + 5*w**2 - 3*w - 4. Let o be b(4). Suppose o*h + 117 = -3*h. Let d be (h/(-2))/(21/28). What is the highest common factor of 13 and d?
13
Let g = -38 + 26. Let w be ((-8)/(-6))/((-2)/g). Calculate the highest common divisor of w and 16.
8
Suppose -5*j + 221 + 323 = q, 0 = -4*j - 2*q + 440. Let y be (-15)/(-5) - 0/(-2). Let n be 11 + y + (-1 - 1). Calculate the greatest common divisor of j and n.
12
Suppose 0 = -3*s + 5*o + 395, 0 = -2*s + 4*o + 109 + 153. Calculate the greatest common divisor of s and 72.
9
Let i = -33 + 62. Let m be 9/6 + (-2420)/(-88). Calculate the greatest common factor of i and m.
29
Let j(r) = -22*r - 34. Let w(z) = 7*z + 11. Let s(y) = -3*j(y) - 10*w(y). Let h be s(-4). Calculate the highest common factor of 24 and h.
8
Let k(p) = 18*p**2. Let y be k(-1). Let i(r) = -8 - 5*r - 10 + 2*r**2 + 0*r - 6*r. Let j be i(10). Calculate the greatest common factor of y and j.
18
Suppose 0 = 5*i + f - 221, 3*i - 5*f - 119 = -9*f. Let t = 65 - i. Calculate the greatest common factor of 20 and t.
20
Suppose 4*f - 25 + 5 = 0. Suppose -4*l - n + 230 = -3*n, -l + f*n + 71 = 0. Let p(a) = -a + 8. Let i be p(0). Calculate the greatest common divisor of i and l.
8
Let v(f) = -46*f + 8. Let t be v(-2). Suppose 44 = 12*k - t. Let y(u) = -u**2 + 5*u - 2. Let i be y(3). Calculate 